{"id":5,"date":"2022-05-10T11:28:24","date_gmt":"2022-05-10T08:28:24","guid":{"rendered":"http:\/\/bitumeniraq.com\/index.php\/home\/"},"modified":"2024-02-14T09:03:24","modified_gmt":"2024-02-14T06:03:24","slug":"homepage","status":"publish","type":"page","link":"http:\/\/bitumeniraq.com\/","title":{"rendered":"HOME PAGE"},"content":{"rendered":"","protected":false},"excerpt":{"rendered":"","protected":false},"author":1,"featured_media":0,"parent":0,"menu_order":0,"comment_status":"closed","ping_status":"closed","template":"templates\/template-homepage.php","meta":{"footnotes":"","_joinchat":[]},"yoast_head":"<!-- This site is optimized with the Yoast SEO plugin v23.5 - https:\/\/yoast.com\/wordpress\/plugins\/seo\/ -->\r\n<title>HOME PAGE - Bitumen Irak - Bitumen Turkiye - Quality Product and Service Point<\/title>\r\n<meta name=\"description\" content=\"Bitum, bitumen, bitumeniraq.com, bitumen t\u00fcrkiye, bitumen turkey, mardin , istanbul, ankara, izmir, adana, mersin, trabzon, duhok, s\u00fcleymaniye, ba\u011fdat, bitume, zift, kat\u0131 mazot, kat\u0131 tal\u0131t\u0131m, ucuz yal\u0131t\u0131m , mardin yal\u0131t\u0131m, mardin mebran, mardin bitumen , Iraq, Turkiye, Suriye, Ba\u011fdat , Ankara , \u0130stanbul, Black Oil, Zift, Asfalt , Yal\u0131t\u0131m , Mebran,\" \/>\r\n<meta name=\"robots\" content=\"index, follow, max-snippet:-1, max-image-preview:large, max-video-preview:-1\" \/>\r\n<link rel=\"canonical\" href=\"https:\/\/bitumeniraq.com\/\" \/>\r\n<meta property=\"og:locale\" content=\"en_US\" \/>\r\n<meta property=\"og:type\" content=\"article\" \/>\r\n<meta property=\"og:title\" content=\"HOME PAGE - Bitumen Irak - Bitumen Turkiye - Quality Product and Service Point\" \/>\r\n<meta property=\"og:description\" content=\"Bitum, bitumen, bitumeniraq.com, bitumen t\u00fcrkiye, bitumen turkey, mardin , istanbul, ankara, izmir, adana, mersin, trabzon, duhok, s\u00fcleymaniye, ba\u011fdat, bitume, zift, kat\u0131 mazot, kat\u0131 tal\u0131t\u0131m, ucuz yal\u0131t\u0131m , mardin yal\u0131t\u0131m, mardin mebran, mardin bitumen , Iraq, Turkiye, Suriye, Ba\u011fdat , Ankara , \u0130stanbul, Black Oil, Zift, Asfalt , Yal\u0131t\u0131m , Mebran,\" \/>\r\n<meta property=\"og:url\" content=\"https:\/\/bitumeniraq.com\/\" \/>\r\n<meta property=\"og:site_name\" content=\"Bitumen Irak - Bitumen Turkiye - Quality Product and Service Point\" \/>\r\n<meta property=\"article:modified_time\" content=\"2024-02-14T06:03:24+00:00\" \/>\r\n<meta name=\"twitter:card\" content=\"summary_large_image\" \/>\r\n<script type=\"application\/ld+json\" class=\"yoast-schema-graph\">{\"@context\":\"https:\/\/schema.org\",\"@graph\":[{\"@type\":\"WebPage\",\"@id\":\"https:\/\/bitumeniraq.com\/\",\"url\":\"https:\/\/bitumeniraq.com\/\",\"name\":\"HOME PAGE - Bitumen Irak - Bitumen Turkiye - Quality Product and Service Point\",\"isPartOf\":{\"@id\":\"https:\/\/bitumeniraq.com\/#website\"},\"datePublished\":\"2022-05-10T08:28:24+00:00\",\"dateModified\":\"2024-02-14T06:03:24+00:00\",\"description\":\"Bitum, bitumen, bitumeniraq.com, bitumen t\u00fcrkiye, bitumen turkey, mardin , istanbul, ankara, izmir, adana, mersin, trabzon, duhok, s\u00fcleymaniye, ba\u011fdat, bitume, zift, kat\u0131 mazot, kat\u0131 tal\u0131t\u0131m, ucuz yal\u0131t\u0131m , mardin yal\u0131t\u0131m, mardin mebran, mardin bitumen , Iraq, Turkiye, Suriye, Ba\u011fdat , Ankara , \u0130stanbul, Black Oil, Zift, Asfalt , Yal\u0131t\u0131m , Mebran,\",\"breadcrumb\":{\"@id\":\"https:\/\/bitumeniraq.com\/#breadcrumb\"},\"inLanguage\":\"en-US\",\"potentialAction\":[{\"@type\":\"ReadAction\",\"target\":[\"https:\/\/bitumeniraq.com\/\"]}]},{\"@type\":\"BreadcrumbList\",\"@id\":\"https:\/\/bitumeniraq.com\/#breadcrumb\",\"itemListElement\":[{\"@type\":\"ListItem\",\"position\":1,\"name\":\"Anasayfa\",\"item\":\"https:\/\/bitumeniraq.com\/\"},{\"@type\":\"ListItem\",\"position\":2,\"name\":\"HOME PAGE\"}]},{\"@type\":\"WebSite\",\"@id\":\"https:\/\/bitumeniraq.com\/#website\",\"url\":\"https:\/\/bitumeniraq.com\/\",\"name\":\"Bitumen Irak - Bitumen Turkiye - Quality Product and Service Point\",\"description\":\"\",\"publisher\":{\"@id\":\"https:\/\/bitumeniraq.com\/#organization\"},\"potentialAction\":[{\"@type\":\"SearchAction\",\"target\":{\"@type\":\"EntryPoint\",\"urlTemplate\":\"https:\/\/bitumeniraq.com\/?s={search_term_string}\"},\"query-input\":{\"@type\":\"PropertyValueSpecification\",\"valueRequired\":true,\"valueName\":\"search_term_string\"}}],\"inLanguage\":\"en-US\"},{\"@type\":\"Organization\",\"@id\":\"https:\/\/bitumeniraq.com\/#organization\",\"name\":\"Bitumen Iraq\",\"url\":\"https:\/\/bitumeniraq.com\/\",\"logo\":{\"@type\":\"ImageObject\",\"inLanguage\":\"en-US\",\"@id\":\"https:\/\/bitumeniraq.com\/#\/schema\/logo\/image\/\",\"url\":\"http:\/\/bitumeniraq.com\/wp-content\/uploads\/2022\/05\/cropped-BitumIraq.png\",\"contentUrl\":\"http:\/\/bitumeniraq.com\/wp-content\/uploads\/2022\/05\/cropped-BitumIraq.png\",\"width\":1990,\"height\":724,\"caption\":\"Bitumen Iraq\"},\"image\":{\"@id\":\"https:\/\/bitumeniraq.com\/#\/schema\/logo\/image\/\"}}]}<\/script>\r\n<!-- \/ Yoast SEO plugin. -->","yoast_head_json":{"title":"HOME PAGE - Bitumen Irak - Bitumen Turkiye - Quality Product and Service Point","description":"Bitum, bitumen, bitumeniraq.com, bitumen t\u00fcrkiye, bitumen turkey, mardin , istanbul, ankara, izmir, adana, mersin, trabzon, duhok, s\u00fcleymaniye, ba\u011fdat, bitume, zift, kat\u0131 mazot, kat\u0131 tal\u0131t\u0131m, ucuz yal\u0131t\u0131m , mardin yal\u0131t\u0131m, mardin mebran, mardin bitumen , Iraq, Turkiye, Suriye, Ba\u011fdat , Ankara , \u0130stanbul, Black Oil, Zift, Asfalt , Yal\u0131t\u0131m , Mebran,","robots":{"index":"index","follow":"follow","max-snippet":"max-snippet:-1","max-image-preview":"max-image-preview:large","max-video-preview":"max-video-preview:-1"},"canonical":"https:\/\/bitumeniraq.com\/","og_locale":"en_US","og_type":"article","og_title":"HOME PAGE - Bitumen Irak - Bitumen Turkiye - Quality Product and Service Point","og_description":"Bitum, bitumen, bitumeniraq.com, bitumen t\u00fcrkiye, bitumen turkey, mardin , istanbul, ankara, izmir, adana, mersin, trabzon, duhok, s\u00fcleymaniye, ba\u011fdat, bitume, zift, kat\u0131 mazot, kat\u0131 tal\u0131t\u0131m, ucuz yal\u0131t\u0131m , mardin yal\u0131t\u0131m, mardin mebran, mardin bitumen , Iraq, Turkiye, Suriye, Ba\u011fdat , Ankara , \u0130stanbul, Black Oil, Zift, Asfalt , Yal\u0131t\u0131m , Mebran,","og_url":"https:\/\/bitumeniraq.com\/","og_site_name":"Bitumen Irak - Bitumen Turkiye - Quality Product and Service Point","article_modified_time":"2024-02-14T06:03:24+00:00","twitter_card":"summary_large_image","schema":{"@context":"https:\/\/schema.org","@graph":[{"@type":"WebPage","@id":"https:\/\/bitumeniraq.com\/","url":"https:\/\/bitumeniraq.com\/","name":"HOME PAGE - Bitumen Irak - Bitumen Turkiye - Quality Product and Service Point","isPartOf":{"@id":"https:\/\/bitumeniraq.com\/#website"},"datePublished":"2022-05-10T08:28:24+00:00","dateModified":"2024-02-14T06:03:24+00:00","description":"Bitum, bitumen, bitumeniraq.com, bitumen t\u00fcrkiye, bitumen turkey, mardin , istanbul, ankara, izmir, adana, mersin, trabzon, duhok, s\u00fcleymaniye, ba\u011fdat, bitume, zift, kat\u0131 mazot, kat\u0131 tal\u0131t\u0131m, ucuz yal\u0131t\u0131m , mardin yal\u0131t\u0131m, mardin mebran, mardin bitumen , Iraq, Turkiye, Suriye, Ba\u011fdat , Ankara , \u0130stanbul, Black Oil, Zift, Asfalt , Yal\u0131t\u0131m , Mebran,","breadcrumb":{"@id":"https:\/\/bitumeniraq.com\/#breadcrumb"},"inLanguage":"en-US","potentialAction":[{"@type":"ReadAction","target":["https:\/\/bitumeniraq.com\/"]}]},{"@type":"BreadcrumbList","@id":"https:\/\/bitumeniraq.com\/#breadcrumb","itemListElement":[{"@type":"ListItem","position":1,"name":"Anasayfa","item":"https:\/\/bitumeniraq.com\/"},{"@type":"ListItem","position":2,"name":"HOME PAGE"}]},{"@type":"WebSite","@id":"https:\/\/bitumeniraq.com\/#website","url":"https:\/\/bitumeniraq.com\/","name":"Bitumen Irak - Bitumen Turkiye - Quality Product and Service Point","description":"","publisher":{"@id":"https:\/\/bitumeniraq.com\/#organization"},"potentialAction":[{"@type":"SearchAction","target":{"@type":"EntryPoint","urlTemplate":"https:\/\/bitumeniraq.com\/?s={search_term_string}"},"query-input":{"@type":"PropertyValueSpecification","valueRequired":true,"valueName":"search_term_string"}}],"inLanguage":"en-US"},{"@type":"Organization","@id":"https:\/\/bitumeniraq.com\/#organization","name":"Bitumen Iraq","url":"https:\/\/bitumeniraq.com\/","logo":{"@type":"ImageObject","inLanguage":"en-US","@id":"https:\/\/bitumeniraq.com\/#\/schema\/logo\/image\/","url":"http:\/\/bitumeniraq.com\/wp-content\/uploads\/2022\/05\/cropped-BitumIraq.png","contentUrl":"http:\/\/bitumeniraq.com\/wp-content\/uploads\/2022\/05\/cropped-BitumIraq.png","width":1990,"height":724,"caption":"Bitumen Iraq"},"image":{"@id":"https:\/\/bitumeniraq.com\/#\/schema\/logo\/image\/"}}]}},"_links":{"self":[{"href":"http:\/\/bitumeniraq.com\/index.php\/wp-json\/wp\/v2\/pages\/5"}],"collection":[{"href":"http:\/\/bitumeniraq.com\/index.php\/wp-json\/wp\/v2\/pages"}],"about":[{"href":"http:\/\/bitumeniraq.com\/index.php\/wp-json\/wp\/v2\/types\/page"}],"author":[{"embeddable":true,"href":"http:\/\/bitumeniraq.com\/index.php\/wp-json\/wp\/v2\/users\/1"}],"replies":[{"embeddable":true,"href":"http:\/\/bitumeniraq.com\/index.php\/wp-json\/wp\/v2\/comments?post=5"}],"version-history":[{"count":4,"href":"http:\/\/bitumeniraq.com\/index.php\/wp-json\/wp\/v2\/pages\/5\/revisions"}],"predecessor-version":[{"id":201,"href":"http:\/\/bitumeniraq.com\/index.php\/wp-json\/wp\/v2\/pages\/5\/revisions\/201"}],"wp:attachment":[{"href":"http:\/\/bitumeniraq.com\/index.php\/wp-json\/wp\/v2\/media?parent=5"}],"curies":[{"name":"wp","href":"https:\/\/api.w.org\/{rel}","templated":true}]}}